Last updated on 2025-07-12 09:49:36 CEST.
Flavor | Version | Tinstall | Tcheck | Ttotal | Status | Flags |
---|---|---|---|---|---|---|
r-devel-linux-x86_64-debian-clang | 0.1.5 | 12.72 | 127.31 | 140.03 | OK | |
r-devel-linux-x86_64-debian-gcc | 0.1.5 | 8.90 | 90.01 | 98.91 | OK | |
r-devel-linux-x86_64-fedora-clang | 0.1.5 | 209.99 | NOTE | |||
r-devel-linux-x86_64-fedora-gcc | 0.1.5 | 212.27 | NOTE | |||
r-devel-windows-x86_64 | 0.1.5 | 15.00 | 127.00 | 142.00 | OK | |
r-patched-linux-x86_64 | 0.1.5 | 11.84 | 117.82 | 129.66 | OK | |
r-release-linux-x86_64 | 0.1.5 | 11.79 | 117.66 | 129.45 | OK | |
r-release-macos-arm64 | 0.1.5 | 63.00 | OK | |||
r-release-macos-x86_64 | 0.1.5 | 106.00 | OK | |||
r-release-windows-x86_64 | 0.1.5 | 14.00 | 125.00 | 139.00 | OK | |
r-oldrel-macos-arm64 | 0.1.5 | 60.00 | NOTE | |||
r-oldrel-macos-x86_64 | 0.1.5 | 89.00 | NOTE | |||
r-oldrel-windows-x86_64 | 0.1.5 | 19.00 | 160.00 | 179.00 | NOTE |
Version: 0.1.5
Check: dependencies in R code
Result: NOTE
Namespaces in Imports field not imported from:
‘shiny’ ‘tidyselect’
All declared Imports should be used.
Flavors: r-devel-linux-x86_64-fedora-clang, r-devel-linux-x86_64-fedora-gcc
Version: 0.1.5
Check: LazyData
Result: NOTE
'LazyData' is specified without a 'data' directory
Flavors: r-oldrel-macos-arm64, r-oldrel-macos-x86_64, r-oldrel-windows-x86_64