Last updated on 2025-02-18 09:50:54 CET.
Flavor | Version | Tinstall | Tcheck | Ttotal | Status | Flags |
---|---|---|---|---|---|---|
r-devel-linux-x86_64-debian-clang | 1.0.0 | 27.41 | 26.25 | 53.66 | OK | |
r-devel-linux-x86_64-debian-gcc | 1.0.0 | 20.29 | 22.38 | 42.67 | OK | |
r-devel-linux-x86_64-fedora-clang | 1.0.0 | 101.09 | OK | |||
r-devel-linux-x86_64-fedora-gcc | 1.0.0 | 93.83 | OK | |||
r-devel-macos-arm64 | 1.0.0 | 28.00 | OK | |||
r-devel-macos-x86_64 | 1.0.0 | 50.00 | OK | |||
r-devel-windows-x86_64 | 1.0.0 | 29.00 | 71.00 | 100.00 | OK | |
r-patched-linux-x86_64 | 1.0.0 | 27.68 | 25.86 | 53.54 | OK | |
r-release-linux-x86_64 | 1.0.0 | 24.86 | 26.12 | 50.98 | OK | |
r-release-macos-arm64 | 1.0.0 | 33.00 | NOTE | |||
r-release-macos-x86_64 | 1.0.0 | 45.00 | NOTE | |||
r-release-windows-x86_64 | 1.0.0 | 30.00 | 75.00 | 105.00 | OK | |
r-oldrel-macos-arm64 | 1.0.0 | 36.00 | NOTE | |||
r-oldrel-macos-x86_64 | 1.0.0 | 51.00 | NOTE | |||
r-oldrel-windows-x86_64 | 1.0.0 | 37.00 | 99.00 | 136.00 | OK |
Version: 1.0.0
Check: installed package size
Result: NOTE
installed size is 5.3Mb
sub-directories of 1Mb or more:
libs 5.2Mb
Flavors: r-release-macos-arm64, r-release-macos-x86_64, r-oldrel-macos-arm64, r-oldrel-macos-x86_64