CRAN Package Check Results for Package warabandi

Last updated on 2025-04-15 09:52:36 CEST.

Flavor Version Tinstall Tcheck Ttotal Status Flags
r-devel-linux-x86_64-debian-clang 0.1.0 2.01 25.22 27.23 OK
r-devel-linux-x86_64-debian-gcc 0.1.0 1.54 19.56 21.10 OK
r-devel-linux-x86_64-fedora-clang 0.1.0 44.44 NOTE
r-devel-linux-x86_64-fedora-gcc 0.1.0 55.77 NOTE
r-devel-windows-x86_64 0.1.0 4.00 46.00 50.00 OK
r-patched-linux-x86_64 0.1.0 1.68 24.11 25.79 OK
r-release-linux-x86_64 0.1.0 1.93 24.21 26.14 OK
r-release-macos-arm64 0.1.0 22.00 OK
r-release-macos-x86_64 0.1.0 41.00 OK
r-release-windows-x86_64 0.1.0 5.00 47.00 52.00 OK
r-oldrel-macos-arm64 0.1.0 22.00 OK
r-oldrel-macos-x86_64 0.1.0 34.00 OK
r-oldrel-windows-x86_64 0.1.0 5.00 49.00 54.00 OK

Check Details

Version: 0.1.0
Check: dependencies in R code
Result: NOTE Namespace in Imports field not imported from: ‘flextable’ All declared Imports should be used. Flavors: r-devel-linux-x86_64-fedora-clang, r-devel-linux-x86_64-fedora-gcc