Last updated on 2025-05-09 09:52:07 CEST.
Flavor | Version | Tinstall | Tcheck | Ttotal | Status | Flags |
---|---|---|---|---|---|---|
r-devel-linux-x86_64-debian-clang | 2.1 | 6.10 | 45.71 | 51.81 | NOTE | |
r-devel-linux-x86_64-debian-gcc | 2.1 | 3.91 | 34.68 | 38.59 | NOTE | |
r-devel-linux-x86_64-fedora-clang | 2.1 | 78.80 | OK | |||
r-devel-linux-x86_64-fedora-gcc | 2.1 | 73.80 | OK | |||
r-devel-windows-x86_64 | 2.1 | 8.00 | 66.00 | 74.00 | OK | |
r-patched-linux-x86_64 | 2.1 | 4.85 | 42.28 | 47.13 | OK | |
r-release-linux-x86_64 | 2.1 | 5.00 | 43.14 | 48.14 | OK | |
r-release-macos-arm64 | 2.1 | 27.00 | OK | |||
r-release-macos-x86_64 | 2.1 | 57.00 | OK | |||
r-release-windows-x86_64 | 2.1 | 10.00 | 66.00 | 76.00 | OK | |
r-oldrel-macos-arm64 | 2.1 | 29.00 | OK | |||
r-oldrel-macos-x86_64 | 2.1 | 72.00 | OK | |||
r-oldrel-windows-x86_64 | 2.1 | 9.00 | 74.00 | 83.00 | OK |
Version: 2.1
Check: CRAN incoming feasibility
Result: NOTE
Maintainer: ‘Deisy Morselli Gysi <deisy.ccnr@gmail.com>’
No Authors@R field in DESCRIPTION.
Please add one, modifying
Authors@R: c(person(given = c("Deisy", "Morselli"),
family = "Gysi",
role = c("aut", "cre"),
email = "deisy.ccnr@gmail.com"),
person(given = "Andre",
family = "Voigt",
role = "aut"),
person(given = c("Tiago", "Miranda"),
family = "Fragoso",
role = "aut"),
person(given = "Eivind",
family = "Almaas",
role = "aut"),
person(given = "Katja",
family = "Nowick.",
role = "aut"))
as necessary.
Flavors: r-devel-linux-x86_64-debian-clang, r-devel-linux-x86_64-debian-gcc