Last updated on 2025-07-12 09:49:35 CEST.
Flavor | Version | Tinstall | Tcheck | Ttotal | Status | Flags |
---|---|---|---|---|---|---|
r-devel-linux-x86_64-debian-clang | 1.0.0 | 18.51 | 188.34 | 206.85 | NOTE | |
r-devel-linux-x86_64-debian-gcc | 1.0.0 | 12.86 | 128.40 | 141.26 | NOTE | |
r-devel-linux-x86_64-fedora-clang | 1.0.0 | 313.67 | NOTE | |||
r-devel-linux-x86_64-fedora-gcc | 1.0.0 | 314.80 | NOTE | |||
r-devel-windows-x86_64 | 1.0.0 | 17.00 | 187.00 | 204.00 | NOTE | |
r-patched-linux-x86_64 | 1.0.0 | 16.32 | 177.29 | 193.61 | NOTE | |
r-release-linux-x86_64 | 1.0.0 | 16.26 | 177.70 | 193.96 | NOTE | |
r-release-macos-arm64 | 1.0.0 | 90.00 | NOTE | |||
r-release-macos-x86_64 | 1.0.0 | 187.00 | NOTE | |||
r-release-windows-x86_64 | 1.0.0 | 18.00 | 185.00 | 203.00 | NOTE | |
r-oldrel-macos-arm64 | 1.0.0 | 85.00 | NOTE | |||
r-oldrel-macos-x86_64 | 1.0.0 | 148.00 | NOTE | |||
r-oldrel-windows-x86_64 | 1.0.0 | 25.00 | 240.00 | 265.00 | NOTE |
Version: 1.0.0
Check: Rd files
Result: NOTE
checkRd: (-1) compdesc.Rd:24: Lost braces in \itemize; \value handles \item{}{} directly
checkRd: (-1) compdesc.Rd:25: Lost braces in \itemize; \value handles \item{}{} directly
checkRd: (-1) compdesc.Rd:26: Lost braces in \itemize; \value handles \item{}{} directly
checkRd: (-1) compdesc.Rd:27: Lost braces in \itemize; \value handles \item{}{} directly
checkRd: (-1) compdesc.Rd:28: Lost braces in \itemize; \value handles \item{}{} directly
checkRd: (-1) compdesc.Rd:29: Lost braces in \itemize; \value handles \item{}{} directly
checkRd: (-1) compdesc.Rd:30: Lost braces in \itemize; \value handles \item{}{} directly
checkRd: (-1) compdesc.Rd:31: Lost braces in \itemize; \value handles \item{}{} directly
checkRd: (-1) compdesc.Rd:32: Lost braces in \itemize; \value handles \item{}{} directly
Flavors: r-devel-linux-x86_64-debian-clang, r-devel-linux-x86_64-debian-gcc, r-devel-linux-x86_64-fedora-clang, r-devel-linux-x86_64-fedora-gcc, r-devel-windows-x86_64, r-patched-linux-x86_64, r-release-linux-x86_64, r-release-macos-arm64, r-release-macos-x86_64, r-release-windows-x86_64, r-oldrel-macos-arm64, r-oldrel-macos-x86_64, r-oldrel-windows-x86_64