CRAN Package Check Results for Package verhoeff

Last updated on 2025-04-15 09:52:36 CEST.

Flavor Version Tinstall Tcheck Ttotal Status Flags
r-devel-linux-x86_64-debian-clang 0.4.0 1.54 18.26 19.80 OK
r-devel-linux-x86_64-debian-gcc 0.4.0 1.35 14.77 16.12 OK
r-devel-linux-x86_64-fedora-clang 0.4.0 31.34 OK
r-devel-linux-x86_64-fedora-gcc 0.4.0 29.29 OK
r-devel-windows-x86_64 0.4.0 3.00 39.00 42.00 OK
r-patched-linux-x86_64 0.4.0 1.52 17.58 19.10 OK
r-release-linux-x86_64 0.4.0 1.51 17.57 19.08 OK
r-release-macos-arm64 0.4.0 16.00 OK
r-release-macos-x86_64 0.4.0 24.00 OK
r-release-windows-x86_64 0.4.0 2.00 40.00 42.00 OK
r-oldrel-macos-arm64 0.4.0 14.00 NOTE
r-oldrel-macos-x86_64 0.4.0 20.00 NOTE
r-oldrel-windows-x86_64 0.4.0 4.00 42.00 46.00 NOTE

Check Details

Version: 0.4.0
Check: LazyData
Result: NOTE 'LazyData' is specified without a 'data' directory Flavors: r-oldrel-macos-arm64, r-oldrel-macos-x86_64, r-oldrel-windows-x86_64