Last updated on 2025-07-13 09:49:57 CEST.
Flavor | Version | Tinstall | Tcheck | Ttotal | Status | Flags |
---|---|---|---|---|---|---|
r-devel-linux-x86_64-debian-clang | 0.0.6 | 3.97 | 50.59 | 54.56 | OK | |
r-devel-linux-x86_64-debian-gcc | 0.0.6 | 2.71 | 35.52 | 38.23 | OK | |
r-devel-linux-x86_64-fedora-clang | 0.0.6 | 89.86 | NOTE | |||
r-devel-linux-x86_64-fedora-gcc | 0.0.6 | 82.83 | NOTE | |||
r-devel-windows-x86_64 | 0.0.6 | 5.00 | 63.00 | 68.00 | OK | |
r-patched-linux-x86_64 | 0.0.6 | 3.33 | 46.82 | 50.15 | OK | |
r-release-linux-x86_64 | 0.0.6 | 3.38 | 46.05 | 49.43 | OK | |
r-release-macos-arm64 | 0.0.6 | 26.00 | OK | |||
r-release-macos-x86_64 | 0.0.6 | 49.00 | OK | |||
r-release-windows-x86_64 | 0.0.6 | 6.00 | 65.00 | 71.00 | OK | |
r-oldrel-macos-arm64 | 0.0.6 | 30.00 | OK | |||
r-oldrel-macos-x86_64 | 0.0.6 | 48.00 | OK | |||
r-oldrel-windows-x86_64 | 0.0.6 | 7.00 | 77.00 | 84.00 | OK |
Version: 0.0.6
Check: dependencies in R code
Result: NOTE
Namespaces in Imports field not imported from:
‘methods’ ‘survival’
All declared Imports should be used.
Flavors: r-devel-linux-x86_64-fedora-clang, r-devel-linux-x86_64-fedora-gcc