Last updated on 2025-02-06 09:52:46 CET.
Flavor | Version | Tinstall | Tcheck | Ttotal | Status | Flags |
---|---|---|---|---|---|---|
r-devel-linux-x86_64-debian-clang | 0.3.1 | 2.47 | 29.09 | 31.56 | NOTE | |
r-devel-linux-x86_64-debian-gcc | 0.3.1 | 2.40 | 22.82 | 25.22 | NOTE | |
r-devel-linux-x86_64-fedora-clang | 0.3.1 | 52.88 | OK | |||
r-devel-linux-x86_64-fedora-gcc | 0.3.1 | 63.21 | OK | |||
r-devel-windows-x86_64 | 0.3.1 | 6.00 | 59.00 | 65.00 | NOTE | |
r-patched-linux-x86_64 | 0.3.1 | 6.58 | 27.65 | 34.23 | OK | |
r-release-linux-x86_64 | 0.3.1 | 2.49 | 27.73 | 30.22 | OK | |
r-release-macos-arm64 | 0.3.1 | 30.00 | OK | |||
r-release-macos-x86_64 | 0.3.1 | 44.00 | OK | |||
r-release-windows-x86_64 | 0.3.1 | 5.00 | 58.00 | 63.00 | OK | |
r-oldrel-macos-arm64 | 0.3.1 | 29.00 | OK | |||
r-oldrel-macos-x86_64 | 0.3.1 | 39.00 | OK | |||
r-oldrel-windows-x86_64 | 0.3.1 | 5.00 | 58.00 | 63.00 | OK |
Version: 0.3.1
Check: Rd cross-references
Result: NOTE
Found the following Rd file(s) with Rd \link{} targets missing package
anchors:
html_imetropolis.Rd: html_document
Please provide package anchors for all Rd \link{} targets not in the
package itself and the base packages.
Flavors: r-devel-linux-x86_64-debian-clang, r-devel-linux-x86_64-debian-gcc, r-devel-windows-x86_64