Last updated on 2025-04-15 09:52:36 CEST.
Flavor | Version | Tinstall | Tcheck | Ttotal | Status | Flags |
---|---|---|---|---|---|---|
r-devel-linux-x86_64-debian-clang | 2.1.0 | 19.33 | 137.11 | 156.44 | OK | |
r-devel-linux-x86_64-debian-gcc | 2.1.0 | 12.77 | 92.66 | 105.43 | OK | |
r-devel-linux-x86_64-fedora-clang | 2.1.0 | 244.34 | OK | |||
r-devel-linux-x86_64-fedora-gcc | 2.1.0 | 237.00 | OK | |||
r-devel-windows-x86_64 | 2.1.0 | 18.00 | 158.00 | 176.00 | OK | |
r-patched-linux-x86_64 | 2.1.0 | 19.82 | 127.65 | 147.47 | OK | |
r-release-linux-x86_64 | 2.1.0 | 17.74 | 128.11 | 145.85 | OK | |
r-release-macos-arm64 | 2.1.0 | 77.00 | OK | |||
r-release-macos-x86_64 | 2.1.0 | 175.00 | OK | |||
r-release-windows-x86_64 | 2.1.0 | 22.00 | 155.00 | 177.00 | OK | |
r-oldrel-macos-arm64 | 2.1.0 | 94.00 | NOTE | |||
r-oldrel-macos-x86_64 | 2.1.0 | 186.00 | NOTE | |||
r-oldrel-windows-x86_64 | 2.1.0 | 25.00 | 192.00 | 217.00 | NOTE |
Version: 2.1.0
Check: installed package size
Result: NOTE
installed size is 7.2Mb
sub-directories of 1Mb or more:
doc 4.5Mb
ubinc 2.0Mb
Flavors: r-oldrel-macos-arm64, r-oldrel-macos-x86_64, r-oldrel-windows-x86_64