Last updated on 2025-02-16 09:50:55 CET.
Flavor | Version | Tinstall | Tcheck | Ttotal | Status | Flags |
---|---|---|---|---|---|---|
r-devel-linux-x86_64-debian-clang | 1.1.0 | 7.13 | 57.50 | 64.63 | OK | |
r-devel-linux-x86_64-debian-gcc | 1.1.0 | 4.89 | 40.60 | 45.49 | OK | |
r-devel-linux-x86_64-fedora-clang | 1.1.0 | 104.67 | OK | |||
r-devel-linux-x86_64-fedora-gcc | 1.1.0 | 96.14 | OK | |||
r-devel-macos-arm64 | 1.1.0 | 31.00 | OK | |||
r-devel-macos-x86_64 | 1.1.0 | 68.00 | OK | |||
r-devel-windows-x86_64 | 1.1.0 | 8.00 | 79.00 | 87.00 | OK | |
r-patched-linux-x86_64 | 1.1.0 | 5.16 | 54.41 | 59.57 | NOTE | |
r-release-linux-x86_64 | 1.1.0 | 5.76 | 54.54 | 60.30 | NOTE | |
r-release-macos-arm64 | 1.1.0 | 32.00 | NOTE | |||
r-release-macos-x86_64 | 1.1.0 | 76.00 | NOTE | |||
r-release-windows-x86_64 | 1.1.0 | 8.00 | 80.00 | 88.00 | NOTE | |
r-oldrel-macos-arm64 | 1.1.0 | 35.00 | NOTE | |||
r-oldrel-macos-x86_64 | 1.1.0 | 63.00 | NOTE | |||
r-oldrel-windows-x86_64 | 1.1.0 | 11.00 | 85.00 | 96.00 | NOTE |
Version: 1.1.0
Check: package dependencies
Result: NOTE
Packages suggested but not available for checking: 'rrelaxiv', 'gurobi'
Flavors: r-patched-linux-x86_64, r-release-linux-x86_64, r-release-macos-arm64, r-release-macos-x86_64, r-release-windows-x86_64, r-oldrel-macos-arm64, r-oldrel-macos-x86_64, r-oldrel-windows-x86_64