CRAN Package Check Results for Package transmdl

Last updated on 2025-04-15 09:52:35 CEST.

Flavor Version Tinstall Tcheck Ttotal Status Flags
r-devel-linux-x86_64-debian-clang 0.1.0 32.71 30.16 62.87 OK
r-devel-linux-x86_64-debian-gcc 0.1.0 22.47 23.57 46.04 OK
r-devel-linux-x86_64-fedora-clang 0.1.0 114.88 OK
r-devel-linux-x86_64-fedora-gcc 0.1.0 109.75 OK
r-devel-windows-x86_64 0.1.0 35.00 67.00 102.00 OK
r-patched-linux-x86_64 0.1.0 31.58 30.92 62.50 OK
r-release-linux-x86_64 0.1.0 28.07 30.86 58.93 OK
r-release-macos-arm64 0.1.0 36.00 OK
r-release-macos-x86_64 0.1.0 52.00 OK
r-release-windows-x86_64 0.1.0 36.00 67.00 103.00 OK
r-oldrel-macos-arm64 0.1.0 34.00 NOTE
r-oldrel-macos-x86_64 0.1.0 41.00 NOTE
r-oldrel-windows-x86_64 0.1.0 43.00 82.00 125.00 OK

Check Details

Version: 0.1.0
Check: installed package size
Result: NOTE installed size is 7.9Mb sub-directories of 1Mb or more: libs 7.8Mb Flavors: r-oldrel-macos-arm64, r-oldrel-macos-x86_64