Last updated on 2025-05-08 09:54:17 CEST.
Flavor | Version | Tinstall | Tcheck | Ttotal | Status | Flags |
---|---|---|---|---|---|---|
r-devel-linux-x86_64-debian-clang | 0.0-8 | 16.68 | 313.86 | 330.54 | NOTE | |
r-devel-linux-x86_64-debian-gcc | 0.0-8 | 12.65 | 196.81 | 209.46 | NOTE | |
r-devel-linux-x86_64-fedora-clang | 0.0-8 | 543.76 | OK | |||
r-devel-linux-x86_64-fedora-gcc | 0.0-8 | 525.39 | OK | |||
r-devel-windows-x86_64 | 0.0-8 | 18.00 | 322.00 | 340.00 | OK | |
r-patched-linux-x86_64 | 0.0-8 | 15.65 | 297.37 | 313.02 | OK | |
r-release-linux-x86_64 | 0.0-8 | 16.28 | 296.60 | 312.88 | OK | |
r-release-macos-arm64 | 0.0-8 | 143.00 | OK | |||
r-release-macos-x86_64 | 0.0-8 | 285.00 | OK | |||
r-release-windows-x86_64 | 0.0-8 | 21.00 | 307.00 | 328.00 | OK | |
r-oldrel-macos-arm64 | 0.0-8 | 156.00 | OK | |||
r-oldrel-macos-x86_64 | 0.0-8 | 223.00 | OK | |||
r-oldrel-windows-x86_64 | 0.0-8 | 24.00 | 409.00 | 433.00 | OK |
Version: 0.0-8
Check: CRAN incoming feasibility
Result: NOTE
Maintainer: ‘Lucas Kook <lucasheinrich.kook@gmail.com>’
The Description field contains
<doi:10.1111/sjos.12291> and Bischl et al. (2016) <arxiv:1703.03373>,
Please refer to arXiv e-prints via their arXiv DOI <doi:10.48550/arXiv.YYMM.NNNNN>.
Flavors: r-devel-linux-x86_64-debian-clang, r-devel-linux-x86_64-debian-gcc