Last updated on 2025-02-19 09:51:06 CET.
Flavor | Version | Tinstall | Tcheck | Ttotal | Status | Flags |
---|---|---|---|---|---|---|
r-devel-linux-x86_64-debian-clang | 0.1.3 | 36.39 | 24.03 | 60.42 | NOTE | |
r-devel-linux-x86_64-debian-gcc | 0.1.3 | 21.00 | 18.96 | 39.96 | NOTE | |
r-devel-linux-x86_64-fedora-clang | 0.1.3 | 114.51 | NOTE | |||
r-devel-linux-x86_64-fedora-gcc | 0.1.3 | 98.13 | NOTE | |||
r-devel-macos-arm64 | 0.1.3 | 29.00 | NOTE | |||
r-devel-macos-x86_64 | 0.1.3 | 44.00 | NOTE | |||
r-devel-windows-x86_64 | 0.1.3 | 35.00 | 64.00 | 99.00 | NOTE | |
r-patched-linux-x86_64 | 0.1.3 | 31.09 | 22.96 | 54.05 | NOTE | |
r-release-linux-x86_64 | 0.1.3 | 27.51 | 22.88 | 50.39 | NOTE | |
r-release-macos-arm64 | 0.1.3 | 28.00 | NOTE | |||
r-release-macos-x86_64 | 0.1.3 | 38.00 | NOTE | |||
r-release-windows-x86_64 | 0.1.3 | 34.00 | 65.00 | 99.00 | NOTE | |
r-oldrel-macos-arm64 | 0.1.3 | 32.00 | NOTE | |||
r-oldrel-macos-x86_64 | 0.1.3 | 55.00 | NOTE | |||
r-oldrel-windows-x86_64 | 0.1.3 | 43.00 | 72.00 | 115.00 | NOTE |
Version: 0.1.3
Check: C++ specification
Result: NOTE
Specified C++11: please drop specification unless essential
Flavors: r-devel-linux-x86_64-debian-clang, r-devel-linux-x86_64-debian-gcc, r-devel-linux-x86_64-fedora-clang, r-devel-linux-x86_64-fedora-gcc, r-devel-macos-arm64, r-devel-macos-x86_64, r-devel-windows-x86_64, r-patched-linux-x86_64, r-release-linux-x86_64, r-release-macos-arm64, r-release-macos-x86_64, r-release-windows-x86_64, r-oldrel-macos-arm64, r-oldrel-macos-x86_64, r-oldrel-windows-x86_64