Last updated on 2025-05-08 09:54:17 CEST.
Flavor | Version | Tinstall | Tcheck | Ttotal | Status | Flags |
---|---|---|---|---|---|---|
r-devel-linux-x86_64-debian-clang | 1.1.8 | 2.89 | 23.79 | 26.68 | NOTE | |
r-devel-linux-x86_64-debian-gcc | 1.1.8 | 1.96 | 18.05 | 20.01 | NOTE | |
r-devel-linux-x86_64-fedora-clang | 1.1.8 | 40.68 | OK | |||
r-devel-linux-x86_64-fedora-gcc | 1.1.8 | 38.21 | OK | |||
r-devel-windows-x86_64 | 1.1.8 | 4.00 | 48.00 | 52.00 | OK | |
r-patched-linux-x86_64 | 1.1.8 | 2.55 | 22.00 | 24.55 | OK | |
r-release-linux-x86_64 | 1.1.8 | 2.73 | 22.49 | 25.22 | OK | |
r-release-macos-arm64 | 1.1.8 | 18.00 | OK | |||
r-release-macos-x86_64 | 1.1.8 | 28.00 | OK | |||
r-release-windows-x86_64 | 1.1.8 | 4.00 | 49.00 | 53.00 | OK | |
r-oldrel-macos-arm64 | 1.1.8 | 16.00 | NOTE | |||
r-oldrel-macos-x86_64 | 1.1.8 | 23.00 | NOTE | |||
r-oldrel-windows-x86_64 | 1.1.8 | 6.00 | 52.00 | 58.00 | NOTE |
Version: 1.1.8
Check: CRAN incoming feasibility
Result: NOTE
Maintainer: ‘Muhammed Ali Onder <muhammedalionder@gmail.com>’
No Authors@R field in DESCRIPTION.
Please add one, modifying
Authors@R: person(given = c("Muhammed", "Ali"),
family = "Onder",
role = c("aut", "cre"),
email = "muhammedalionder@gmail.com")
as necessary.
Flavors: r-devel-linux-x86_64-debian-clang, r-devel-linux-x86_64-debian-gcc
Version: 1.1.8
Check: LazyData
Result: NOTE
'LazyData' is specified without a 'data' directory
Flavors: r-oldrel-macos-arm64, r-oldrel-macos-x86_64, r-oldrel-windows-x86_64