CRAN Package Check Results for Package tippy

Last updated on 2025-04-16 09:53:14 CEST.

Flavor Version Tinstall Tcheck Ttotal Status Flags
r-devel-linux-x86_64-debian-clang 0.1.0 2.41 24.20 26.61 OK
r-devel-linux-x86_64-debian-gcc 0.1.0 1.79 18.96 20.75 OK
r-devel-linux-x86_64-fedora-clang 0.1.0 41.51 OK
r-devel-linux-x86_64-fedora-gcc 0.1.0 41.35 OK
r-devel-windows-x86_64 0.1.0 5.00 50.00 55.00 OK
r-patched-linux-x86_64 0.1.0 2.43 23.66 26.09 OK
r-release-linux-x86_64 0.1.0 2.16 23.42 25.58 OK
r-release-macos-arm64 0.1.0 23.00 OK
r-release-macos-x86_64 0.1.0 30.00 OK
r-release-windows-x86_64 0.1.0 4.00 50.00 54.00 OK
r-oldrel-macos-arm64 0.1.0 19.00 NOTE
r-oldrel-macos-x86_64 0.1.0 29.00 NOTE
r-oldrel-windows-x86_64 0.1.0 5.00 53.00 58.00 NOTE

Check Details

Version: 0.1.0
Check: LazyData
Result: NOTE 'LazyData' is specified without a 'data' directory Flavors: r-oldrel-macos-arm64, r-oldrel-macos-x86_64, r-oldrel-windows-x86_64