Last updated on 2025-05-08 09:54:16 CEST.
Flavor | Version | Tinstall | Tcheck | Ttotal | Status | Flags |
---|---|---|---|---|---|---|
r-devel-linux-x86_64-debian-clang | 0.2.2 | 2.84 | 30.75 | 33.59 | OK | |
r-devel-linux-x86_64-debian-gcc | 0.2.2 | 2.17 | 23.19 | 25.36 | OK | |
r-devel-linux-x86_64-fedora-clang | 0.2.2 | 49.40 | OK | |||
r-devel-linux-x86_64-fedora-gcc | 0.2.2 | 46.34 | OK | |||
r-devel-windows-x86_64 | 0.2.2 | 5.00 | 58.00 | 63.00 | OK | |
r-patched-linux-x86_64 | 0.2.2 | 4.25 | 27.78 | 32.03 | OK | |
r-release-linux-x86_64 | 0.2.2 | 2.85 | 27.64 | 30.49 | OK | |
r-release-macos-arm64 | 0.2.2 | 26.00 | OK | |||
r-release-macos-x86_64 | 0.2.2 | 34.00 | OK | |||
r-release-windows-x86_64 | 0.2.2 | 5.00 | 59.00 | 64.00 | OK | |
r-oldrel-macos-arm64 | 0.2.2 | 18.00 | NOTE | |||
r-oldrel-macos-x86_64 | 0.2.2 | 29.00 | NOTE | |||
r-oldrel-windows-x86_64 | 0.2.2 | 6.00 | 63.00 | 69.00 | NOTE |
Version: 0.2.2
Check: LazyData
Result: NOTE
'LazyData' is specified without a 'data' directory
Flavors: r-oldrel-macos-arm64, r-oldrel-macos-x86_64, r-oldrel-windows-x86_64