CRAN Package Check Results for Package tidyrgee

Last updated on 2025-02-16 09:50:54 CET.

Flavor Version Tinstall Tcheck Ttotal Status Flags
r-devel-linux-x86_64-debian-clang 0.1.0 11.55 84.00 95.55 NOTE
r-devel-linux-x86_64-debian-gcc 0.1.0 7.56 58.72 66.28 NOTE
r-devel-linux-x86_64-fedora-clang 0.1.0 154.01 NOTE
r-devel-linux-x86_64-fedora-gcc 0.1.0 132.98 NOTE
r-devel-macos-arm64 0.1.0 44.00 OK
r-devel-macos-x86_64 0.1.0 95.00 OK
r-devel-windows-x86_64 0.1.0 13.00 91.00 104.00 NOTE
r-patched-linux-x86_64 0.1.0 14.37 76.37 90.74 OK
r-release-linux-x86_64 0.1.0 9.86 75.48 85.34 OK
r-release-macos-arm64 0.1.0 43.00 OK
r-release-macos-x86_64 0.1.0 97.00 OK
r-release-windows-x86_64 0.1.0 12.00 89.00 101.00 OK
r-oldrel-macos-arm64 0.1.0 46.00 OK
r-oldrel-macos-x86_64 0.1.0 70.00 OK
r-oldrel-windows-x86_64 0.1.0 16.00 106.00 122.00 OK

Check Details

Version: 0.1.0
Check: Rd cross-references
Result: NOTE Found the following Rd file(s) with Rd \link{} targets missing package anchors: group_by.Rd: group_by_drop_default Please provide package anchors for all Rd \link{} targets not in the package itself and the base packages. Flavors: r-devel-linux-x86_64-debian-clang, r-devel-linux-x86_64-debian-gcc, r-devel-windows-x86_64

Version: 0.1.0
Check: dependencies in R code
Result: NOTE Namespace in Imports field not imported from: ‘reticulate’ All declared Imports should be used. Flavors: r-devel-linux-x86_64-fedora-clang, r-devel-linux-x86_64-fedora-gcc