CRAN Package Check Results for Package textTinyR

Last updated on 2025-04-15 09:52:35 CEST.

Flavor Version Tinstall Tcheck Ttotal Status Flags
r-devel-linux-x86_64-debian-clang 1.1.8 96.88 132.40 229.28 OK
r-devel-linux-x86_64-debian-gcc 1.1.8 74.21 118.08 192.29 OK
r-devel-linux-x86_64-fedora-clang 1.1.8 420.72 OK
r-devel-linux-x86_64-fedora-gcc 1.1.8 419.94 OK
r-devel-windows-x86_64 1.1.8 102.00 154.00 256.00 OK
r-patched-linux-x86_64 1.1.8 104.68 133.31 237.99 OK
r-release-linux-x86_64 1.1.8 104.86 130.13 234.99 OK
r-release-macos-arm64 1.1.8 127.00 OK
r-release-macos-x86_64 1.1.8 207.00 OK
r-release-windows-x86_64 1.1.8 106.00 159.00 265.00 OK
r-oldrel-macos-arm64 1.1.8 101.00 NOTE
r-oldrel-macos-x86_64 1.1.8 142.00 NOTE
r-oldrel-windows-x86_64 1.1.8 124.00 198.00 322.00 OK

Check Details

Version: 1.1.8
Check: installed package size
Result: NOTE installed size is 15.3Mb sub-directories of 1Mb or more: libs 13.8Mb Flavors: r-oldrel-macos-arm64, r-oldrel-macos-x86_64