CRAN Package Check Results for Package tetragon

Last updated on 2025-07-13 09:49:56 CEST.

Flavor Version Tinstall Tcheck Ttotal Status Flags
r-devel-linux-x86_64-debian-clang 1.3.0 12.86 101.44 114.30 NOTE
r-devel-linux-x86_64-debian-gcc 1.3.0 9.34 73.74 83.08 NOTE
r-devel-linux-x86_64-fedora-clang 1.3.0 175.82 OK
r-devel-linux-x86_64-fedora-gcc 1.3.0 167.60 OK
r-devel-windows-x86_64 1.3.0 14.00 98.00 112.00 OK
r-patched-linux-x86_64 1.3.0 12.39 97.86 110.25 OK
r-release-linux-x86_64 1.3.0 11.42 95.79 107.21 OK
r-release-macos-arm64 1.3.0 52.00 OK
r-release-macos-x86_64 1.3.0 84.00 OK
r-release-windows-x86_64 1.3.0 14.00 107.00 121.00 OK
r-oldrel-macos-arm64 1.3.0 44.00 OK
r-oldrel-macos-x86_64 1.3.0 67.00 OK
r-oldrel-windows-x86_64 1.3.0 20.00 129.00 149.00 OK

Check Details

Version: 1.3.0
Check: CRAN incoming feasibility
Result: NOTE Maintainer: ‘Giancarlo Vercellino <giancarlo.vercellino@gmail.com>’ No Authors@R field in DESCRIPTION. Please add one, modifying Authors@R: person(given = "Giancarlo", family = "Vercellino", role = c("aut", "cre"), email = "giancarlo.vercellino@gmail.com") as necessary. Flavors: r-devel-linux-x86_64-debian-clang, r-devel-linux-x86_64-debian-gcc