CRAN Package Check Results for Package tdr

Last updated on 2025-02-16 09:50:54 CET.

Flavor Version Tinstall Tcheck Ttotal Status Flags
r-devel-linux-x86_64-debian-clang 0.13 4.32 40.40 44.72 NOTE
r-devel-linux-x86_64-debian-gcc 0.13 3.44 31.45 34.89 NOTE
r-devel-linux-x86_64-fedora-clang 0.13 71.64 OK
r-devel-linux-x86_64-fedora-gcc 0.13 65.37 OK
r-devel-macos-arm64 0.13 25.00 OK
r-devel-macos-x86_64 0.13 44.00 OK
r-devel-windows-x86_64 0.13 6.00 58.00 64.00 NOTE
r-patched-linux-x86_64 0.13 9.30 38.07 47.37 OK
r-release-linux-x86_64 0.13 3.36 37.84 41.20 OK
r-release-macos-arm64 0.13 25.00 OK
r-release-macos-x86_64 0.13 35.00 OK
r-release-windows-x86_64 0.13 7.00 57.00 64.00 OK
r-oldrel-macos-arm64 0.13 30.00 OK
r-oldrel-macos-x86_64 0.13 40.00 OK
r-oldrel-windows-x86_64 0.13 7.00 84.00 91.00 OK

Check Details

Version: 0.13
Check: Rd cross-references
Result: NOTE Found the following Rd file(s) with Rd \link{} targets missing package anchors: targetDiagram.Rd: xyplot, panel.xyplot, simpleTheme, ggplot Please provide package anchors for all Rd \link{} targets not in the package itself and the base packages. Flavors: r-devel-linux-x86_64-debian-clang, r-devel-linux-x86_64-debian-gcc, r-devel-windows-x86_64