Last updated on 2025-02-16 09:50:54 CET.
Flavor | Version | Tinstall | Tcheck | Ttotal | Status | Flags |
---|---|---|---|---|---|---|
r-devel-linux-x86_64-debian-clang | 0.3.0 | 89.29 | 38.58 | 127.87 | OK | |
r-devel-linux-x86_64-debian-gcc | 0.3.0 | 66.28 | 30.05 | 96.33 | OK | |
r-devel-linux-x86_64-fedora-clang | 0.3.0 | 257.13 | OK | |||
r-devel-linux-x86_64-fedora-gcc | 0.3.0 | 278.87 | OK | |||
r-devel-macos-arm64 | 0.3.0 | 56.00 | OK | |||
r-devel-macos-x86_64 | 0.3.0 | 77.00 | OK | |||
r-devel-windows-x86_64 | 0.3.0 | 92.00 | 96.00 | 188.00 | OK | |
r-patched-linux-x86_64 | 0.3.0 | 93.38 | 36.94 | 130.32 | OK | |
r-release-linux-x86_64 | 0.3.0 | 90.94 | 36.89 | 127.83 | OK | |
r-release-macos-arm64 | 0.3.0 | 57.00 | NOTE | |||
r-release-macos-x86_64 | 0.3.0 | 65.00 | NOTE | |||
r-release-windows-x86_64 | 0.3.0 | 96.00 | 90.00 | 186.00 | OK | |
r-oldrel-macos-arm64 | 0.3.0 | 67.00 | NOTE | |||
r-oldrel-macos-x86_64 | 0.3.0 | 121.00 | NOTE | |||
r-oldrel-windows-x86_64 | 0.3.0 | 88.00 | 100.00 | 188.00 | OK |
Version: 0.3.0
Check: installed package size
Result: NOTE
installed size is 6.8Mb
sub-directories of 1Mb or more:
libs 6.5Mb
Flavors: r-release-macos-arm64, r-release-macos-x86_64, r-oldrel-macos-arm64, r-oldrel-macos-x86_64