CRAN Package Check Results for Package tcltk2

Last updated on 2025-02-16 09:50:54 CET.

Flavor Version Tinstall Tcheck Ttotal Status Flags
r-devel-linux-x86_64-debian-clang 1.2-11 5.92 33.37 39.29 NOTE
r-devel-linux-x86_64-debian-gcc 1.2-11 4.41 25.94 30.35 NOTE
r-devel-linux-x86_64-fedora-clang 1.2-11 66.80 NOTE
r-devel-linux-x86_64-fedora-gcc 1.2-11 61.96 NOTE
r-devel-macos-arm64 1.2-11 37.00 NOTE
r-devel-macos-x86_64 1.2-11 79.00 NOTE
r-devel-windows-x86_64 1.2-11 7.00 56.00 63.00 NOTE
r-patched-linux-x86_64 1.2-11 5.29 31.31 36.60 NOTE
r-release-linux-x86_64 1.2-11 5.38 31.41 36.79 NOTE
r-release-macos-arm64 1.2-11 38.00 NOTE
r-release-macos-x86_64 1.2-11 47.00 NOTE
r-release-windows-x86_64 1.2-11 8.00 52.00 60.00 NOTE
r-oldrel-macos-arm64 1.2-11 28.00 NOTE
r-oldrel-macos-x86_64 1.2-11 47.00 NOTE
r-oldrel-windows-x86_64 1.2-11 9.00 55.00 64.00 NOTE

Check Details

Version: 1.2-11
Check: DESCRIPTION meta-information
Result: NOTE Malformed Description field: should contain one or more complete sentences. Flavors: r-devel-linux-x86_64-debian-clang, r-devel-linux-x86_64-debian-gcc, r-devel-linux-x86_64-fedora-clang, r-devel-linux-x86_64-fedora-gcc, r-devel-macos-arm64, r-devel-macos-x86_64, r-devel-windows-x86_64, r-patched-linux-x86_64, r-release-linux-x86_64, r-release-macos-arm64, r-release-macos-x86_64, r-release-windows-x86_64, r-oldrel-macos-arm64, r-oldrel-macos-x86_64, r-oldrel-windows-x86_64

Version: 1.2-11
Check: Rd files
Result: NOTE checkRd: (-1) windows/tk2reg.Rd:17: Escaped LaTeX specials: \_ checkRd: (-1) windows/tk2reg.Rd:18: Escaped LaTeX specials: \_ \_ \_ checkRd: (-1) windows/tk2reg.Rd:51: Escaped LaTeX specials: \_ checkRd: (-1) windows/tk2reg.Rd:52: Escaped LaTeX specials: \_ \_ checkRd: (-1) windows/tk2reg.Rd:53: Escaped LaTeX specials: \_ \_ checkRd: (-1) windows/tk2reg.Rd:57: Escaped LaTeX specials: \_ \_ checkRd: (-1) windows/tk2reg.Rd:58: Escaped LaTeX specials: \_ \_ checkRd: (-1) windows/tk2reg.Rd:60: Escaped LaTeX specials: \_ Flavors: r-devel-linux-x86_64-debian-clang, r-devel-linux-x86_64-debian-gcc, r-devel-linux-x86_64-fedora-clang, r-devel-linux-x86_64-fedora-gcc, r-devel-macos-arm64, r-devel-macos-x86_64, r-devel-windows-x86_64, r-patched-linux-x86_64, r-release-linux-x86_64, r-release-macos-arm64, r-release-macos-x86_64, r-release-windows-x86_64

Version: 1.2-11
Check: installed package size
Result: NOTE installed size is 5.1Mb sub-directories of 1Mb or more: tklibs 4.7Mb Flavors: r-release-macos-arm64, r-release-macos-x86_64, r-oldrel-macos-arm64, r-oldrel-macos-x86_64