CRAN Package Check Results for Package tabularMLC

Last updated on 2025-04-15 09:52:34 CEST.

Flavor Version Tinstall Tcheck Ttotal Status Flags
r-devel-linux-x86_64-debian-clang 0.0.3 20.81 22.90 43.71 NOTE
r-devel-linux-x86_64-debian-gcc 0.0.3 14.38 17.69 32.07 NOTE
r-devel-linux-x86_64-fedora-clang 0.0.3 80.73 NOTE
r-devel-linux-x86_64-fedora-gcc 0.0.3 75.09 NOTE
r-devel-windows-x86_64 0.0.3 24.00 64.00 88.00 NOTE
r-patched-linux-x86_64 0.0.3 18.93 22.38 41.31 NOTE
r-release-linux-x86_64 0.0.3 21.28 22.45 43.73 NOTE
r-release-macos-arm64 0.0.3 26.00 NOTE
r-release-macos-x86_64 0.0.3 39.00 NOTE
r-release-windows-x86_64 0.0.3 26.00 62.00 88.00 NOTE
r-oldrel-macos-arm64 0.0.3 25.00 NOTE
r-oldrel-macos-x86_64 0.0.3 37.00 NOTE
r-oldrel-windows-x86_64 0.0.3 29.00 71.00 100.00 NOTE

Check Details

Version: 0.0.3
Check: C++ specification
Result: NOTE Specified C++11: please drop specification unless essential Flavors: r-devel-linux-x86_64-debian-clang, r-devel-linux-x86_64-debian-gcc, r-devel-linux-x86_64-fedora-clang, r-devel-linux-x86_64-fedora-gcc, r-devel-windows-x86_64, r-patched-linux-x86_64, r-release-linux-x86_64, r-release-macos-arm64, r-release-macos-x86_64, r-release-windows-x86_64, r-oldrel-macos-arm64, r-oldrel-macos-x86_64, r-oldrel-windows-x86_64