Last updated on 2025-05-08 09:54:16 CEST.
Flavor | Version | Tinstall | Tcheck | Ttotal | Status | Flags |
---|---|---|---|---|---|---|
r-devel-linux-x86_64-debian-clang | 0.7-1 | 21.38 | 444.08 | 465.46 | NOTE | |
r-devel-linux-x86_64-debian-gcc | 0.7-1 | 16.46 | 268.26 | 284.72 | NOTE | |
r-devel-linux-x86_64-fedora-clang | 0.7-1 | 825.74 | OK | |||
r-devel-linux-x86_64-fedora-gcc | 0.7-1 | 761.62 | OK | |||
r-devel-windows-x86_64 | 0.7-1 | 25.00 | 126.00 | 151.00 | OK | --no-examples --no-tests --no-vignettes |
r-patched-linux-x86_64 | 0.7-1 | 20.52 | 428.45 | 448.97 | OK | |
r-release-linux-x86_64 | 0.7-1 | 20.80 | 421.01 | 441.81 | OK | |
r-release-macos-arm64 | 0.7-1 | 148.00 | OK | |||
r-release-macos-x86_64 | 0.7-1 | 385.00 | OK | |||
r-release-windows-x86_64 | 0.7-1 | 24.00 | 129.00 | 153.00 | OK | --no-examples --no-tests --no-vignettes |
r-oldrel-macos-arm64 | 0.7-1 | 156.00 | OK | |||
r-oldrel-macos-x86_64 | 0.7-1 | 258.00 | OK | |||
r-oldrel-windows-x86_64 | 0.7-1 | 32.00 | 120.00 | 152.00 | OK | --no-examples --no-tests --no-vignettes |
Version: 0.7-1
Check: CRAN incoming feasibility
Result: NOTE
Maintainer: ‘Andrzej Dudek <andrzej.dudek@ue.wroc.pl>’
No Authors@R field in DESCRIPTION.
Please add one, modifying
Authors@R: c(person(given = "Andrzej",
family = "Dudek",
role = c("aut", "cre"),
email = "andrzej.dudek@ue.wroc.pl"),
person(given = "Marcin",
family = "Pelka",
role = "aut",
email = "marcin.pelka@ue.wroc.pl"),
person(given = "Justyna",
family = "Wilk",
role = "aut",
email = "justyna.wilk@ue.wroc.pl",
comment = "to 2017-09-20"),
person(given = "Marek",
family = "Walesiak",
role = "aut",
email = "Marek.Walesiak@ue.wroc.pl",
comment = "from 2018-02-01"))
as necessary.
Flavors: r-devel-linux-x86_64-debian-clang, r-devel-linux-x86_64-debian-gcc