Last updated on 2025-05-09 09:52:01 CEST.
Flavor | Version | Tinstall | Tcheck | Ttotal | Status | Flags |
---|---|---|---|---|---|---|
r-devel-linux-x86_64-debian-clang | 1.0.4 | 2.82 | 29.95 | 32.77 | NOTE | |
r-devel-linux-x86_64-debian-gcc | 1.0.4 | 2.21 | 24.09 | 26.30 | NOTE | |
r-devel-linux-x86_64-fedora-clang | 1.0.4 | 54.02 | OK | |||
r-devel-linux-x86_64-fedora-gcc | 1.0.4 | 66.00 | OK | |||
r-devel-windows-x86_64 | 1.0.4 | 4.00 | 51.00 | 55.00 | OK | |
r-patched-linux-x86_64 | 1.0.4 | 2.99 | 28.83 | 31.82 | OK | |
r-release-linux-x86_64 | 1.0.4 | 2.80 | 28.71 | 31.51 | OK | |
r-release-macos-arm64 | 1.0.4 | 33.00 | OK | |||
r-release-macos-x86_64 | 1.0.4 | 47.00 | OK | |||
r-release-windows-x86_64 | 1.0.4 | 5.00 | 54.00 | 59.00 | OK | |
r-oldrel-macos-arm64 | 1.0.4 | 24.00 | OK | |||
r-oldrel-macos-x86_64 | 1.0.4 | 36.00 | OK | |||
r-oldrel-windows-x86_64 | 1.0.4 | 5.00 | 58.00 | 63.00 | OK |
Version: 1.0.4
Check: CRAN incoming feasibility
Result: NOTE
Maintainer: ‘Philippe Grosjean <phgrosjean@sciviews.org>’
Package CITATION file contains call(s) to old-style personList() or
as.personList(). Please use c() on person objects instead.
Package CITATION file contains call(s) to old-style citEntry(). Please
use bibentry() instead.
Flavors: r-devel-linux-x86_64-debian-clang, r-devel-linux-x86_64-debian-gcc