Last updated on 2025-07-13 09:49:56 CEST.
Flavor | Version | Tinstall | Tcheck | Ttotal | Status | Flags |
---|---|---|---|---|---|---|
r-devel-linux-x86_64-debian-clang | 1.0 | 210.33 | 535.54 | 745.87 | OK | |
r-devel-linux-x86_64-debian-gcc | 1.0 | 182.25 | 368.16 | 550.41 | OK | |
r-devel-linux-x86_64-fedora-clang | 1.0 | 1065.69 | OK | |||
r-devel-linux-x86_64-fedora-gcc | 1.0 | 1218.32 | OK | |||
r-devel-windows-x86_64 | 1.0 | 207.00 | 562.00 | 769.00 | OK | |
r-patched-linux-x86_64 | 1.0 | 239.18 | 538.40 | 777.58 | OK | |
r-release-linux-x86_64 | 1.0 | 225.53 | 543.68 | 769.21 | OK | |
r-release-macos-arm64 | 1.0 | 220.00 | OK | |||
r-release-macos-x86_64 | 1.0 | 678.00 | OK | |||
r-release-windows-x86_64 | 1.0 | 208.00 | 579.00 | 787.00 | OK | |
r-oldrel-macos-arm64 | 1.0 | 258.00 | NOTE | |||
r-oldrel-macos-x86_64 | 1.0 | 693.00 | NOTE | |||
r-oldrel-windows-x86_64 | 1.0 | 253.00 | 748.00 | 1001.00 | NOTE |
Version: 1.0
Check: installed package size
Result: NOTE
installed size is 71.1Mb
sub-directories of 1Mb or more:
doc 3.9Mb
libs 66.5Mb
Flavors: r-oldrel-macos-arm64, r-oldrel-macos-x86_64, r-oldrel-windows-x86_64
Version: 1.0
Check: for GNU extensions in Makefiles
Result: NOTE
GNU make is a SystemRequirements.
Flavors: r-oldrel-macos-arm64, r-oldrel-macos-x86_64, r-oldrel-windows-x86_64