Last updated on 2025-07-13 09:49:56 CEST.
Flavor | Version | Tinstall | Tcheck | Ttotal | Status | Flags |
---|---|---|---|---|---|---|
r-devel-linux-x86_64-debian-clang | 1.0.0 | 62.67 | 75.93 | 138.60 | OK | |
r-devel-linux-x86_64-debian-gcc | 1.0.0 | 44.98 | 54.13 | 99.11 | OK | |
r-devel-linux-x86_64-fedora-clang | 1.0.0 | 225.03 | OK | |||
r-devel-linux-x86_64-fedora-gcc | 1.0.0 | 231.39 | OK | |||
r-devel-windows-x86_64 | 1.0.0 | 60.00 | 121.00 | 181.00 | OK | |
r-patched-linux-x86_64 | 1.0.0 | 63.42 | 72.47 | 135.89 | OK | |
r-release-linux-x86_64 | 1.0.0 | 59.32 | 72.24 | 131.56 | OK | |
r-release-macos-arm64 | 1.0.0 | 61.00 | OK | |||
r-release-macos-x86_64 | 1.0.0 | 107.00 | OK | |||
r-release-windows-x86_64 | 1.0.0 | 64.00 | 131.00 | 195.00 | OK | |
r-oldrel-macos-arm64 | 1.0.0 | 63.00 | NOTE | |||
r-oldrel-macos-x86_64 | 1.0.0 | 83.00 | NOTE | |||
r-oldrel-windows-x86_64 | 1.0.0 | 75.00 | 151.00 | 226.00 | OK |
Version: 1.0.0
Check: installed package size
Result: NOTE
installed size is 8.0Mb
sub-directories of 1Mb or more:
libs 7.4Mb
Flavors: r-oldrel-macos-arm64, r-oldrel-macos-x86_64