Last updated on 2025-02-18 09:50:52 CET.
Flavor | Version | Tinstall | Tcheck | Ttotal | Status | Flags |
---|---|---|---|---|---|---|
r-devel-linux-x86_64-debian-clang | 0.5.7 | 40.66 | 65.01 | 105.67 | NOTE | |
r-devel-linux-x86_64-debian-gcc | 0.5.7 | 30.85 | 48.36 | 79.21 | NOTE | |
r-devel-linux-x86_64-fedora-clang | 0.5.7 | 180.41 | OK | |||
r-devel-linux-x86_64-fedora-gcc | 0.5.7 | 196.53 | OK | |||
r-devel-macos-arm64 | 0.5.7 | 56.00 | OK | |||
r-devel-macos-x86_64 | 0.5.7 | 114.00 | OK | |||
r-devel-windows-x86_64 | 0.5.7 | 45.00 | 104.00 | 149.00 | NOTE | |
r-patched-linux-x86_64 | 0.5.7 | 44.24 | 59.49 | 103.73 | OK | |
r-release-linux-x86_64 | 0.5.7 | 43.27 | 59.99 | 103.26 | OK | |
r-release-macos-arm64 | 0.5.7 | 54.00 | OK | |||
r-release-macos-x86_64 | 0.5.7 | 89.00 | OK | |||
r-release-windows-x86_64 | 0.5.7 | 47.00 | 112.00 | 159.00 | OK | |
r-oldrel-macos-arm64 | 0.5.7 | 74.00 | OK | |||
r-oldrel-macos-x86_64 | 0.5.7 | 156.00 | OK | |||
r-oldrel-windows-x86_64 | 0.5.7 | 57.00 | 120.00 | 177.00 | OK |
Version: 0.5.7
Check: Rd cross-references
Result: NOTE
Found the following Rd file(s) with Rd \link{} targets missing package
anchors:
KNNTrainer.Rd: R6Class
LabelEncoder.Rd: R6Class
Please provide package anchors for all Rd \link{} targets not in the
package itself and the base packages.
Flavors: r-devel-linux-x86_64-debian-clang, r-devel-linux-x86_64-debian-gcc, r-devel-windows-x86_64