Last updated on 2025-05-09 09:52:00 CEST.
Flavor | Version | Tinstall | Tcheck | Ttotal | Status | Flags |
---|---|---|---|---|---|---|
r-devel-linux-x86_64-debian-clang | 1.1.7 | 9.35 | 101.19 | 110.54 | NOTE | |
r-devel-linux-x86_64-debian-gcc | 1.1.7 | 7.05 | 75.96 | 83.01 | NOTE | |
r-devel-linux-x86_64-fedora-clang | 1.1.7 | 174.74 | OK | |||
r-devel-linux-x86_64-fedora-gcc | 1.1.7 | 177.90 | OK | |||
r-devel-windows-x86_64 | 1.1.7 | 11.00 | 126.00 | 137.00 | OK | |
r-patched-linux-x86_64 | 1.1.7 | 9.15 | 96.02 | 105.17 | OK | |
r-release-linux-x86_64 | 1.1.7 | 8.76 | 95.52 | 104.28 | OK | |
r-release-macos-arm64 | 1.1.7 | 95.00 | OK | |||
r-release-macos-x86_64 | 1.1.7 | 146.00 | OK | |||
r-release-windows-x86_64 | 1.1.7 | 10.00 | 126.00 | 136.00 | OK | |
r-oldrel-macos-arm64 | 1.1.7 | 56.00 | OK | |||
r-oldrel-macos-x86_64 | 1.1.7 | 86.00 | OK | |||
r-oldrel-windows-x86_64 | 1.1.7 | 14.00 | 148.00 | 162.00 | OK |
Version: 1.1.7
Check: CRAN incoming feasibility
Result: NOTE
Maintainer: ‘Moritz Berger <Moritz.Berger@imbie.uni-bonn.de>’
No Authors@R field in DESCRIPTION.
Please add one, modifying
Authors@R: person(given = "Moritz",
family = "Berger",
role = c("aut", "cre"),
email = "moritz.berger@imbie.uni-bonn.de")
as necessary.
Flavors: r-devel-linux-x86_64-debian-clang, r-devel-linux-x86_64-debian-gcc