CRAN Package Check Results for Package statsearchanalyticsr

Last updated on 2025-05-08 09:54:15 CEST.

Flavor Version Tinstall Tcheck Ttotal Status Flags
r-devel-linux-x86_64-debian-clang 0.1.4 5.26 44.46 49.72 OK
r-devel-linux-x86_64-debian-gcc 0.1.4 3.96 32.15 36.11 OK
r-devel-linux-x86_64-fedora-clang 0.1.4 75.64 NOTE
r-devel-linux-x86_64-fedora-gcc 0.1.4 71.75 NOTE
r-devel-windows-x86_64 0.1.4 6.00 58.00 64.00 OK
r-patched-linux-x86_64 0.1.4 5.02 39.87 44.89 OK
r-release-linux-x86_64 0.1.4 5.11 39.79 44.90 OK
r-release-macos-arm64 0.1.4 25.00 OK
r-release-macos-x86_64 0.1.4 47.00 OK
r-release-windows-x86_64 0.1.4 9.00 60.00 69.00 OK
r-oldrel-macos-arm64 0.1.4 27.00 OK
r-oldrel-macos-x86_64 0.1.4 36.00 OK
r-oldrel-windows-x86_64 0.1.4 8.00 68.00 76.00 OK

Check Details

Version: 0.1.4
Check: dependencies in R code
Result: NOTE Namespace in Imports field not imported from: ‘tibble’ All declared Imports should be used. Flavors: r-devel-linux-x86_64-fedora-clang, r-devel-linux-x86_64-fedora-gcc