Last updated on 2025-02-16 09:50:53 CET.
Flavor | Version | Tinstall | Tcheck | Ttotal | Status | Flags |
---|---|---|---|---|---|---|
r-devel-linux-x86_64-debian-clang | 1.5.0 | 5.90 | 36.44 | 42.34 | OK | |
r-devel-linux-x86_64-debian-gcc | 1.5.0 | 4.56 | 25.76 | 30.32 | OK | |
r-devel-linux-x86_64-fedora-clang | 1.5.0 | 69.40 | OK | |||
r-devel-linux-x86_64-fedora-gcc | 1.5.0 | 66.00 | OK | |||
r-devel-macos-arm64 | 1.5.0 | 24.00 | OK | |||
r-devel-macos-x86_64 | 1.5.0 | 42.00 | OK | |||
r-devel-windows-x86_64 | 1.5.0 | 10.00 | 74.00 | 84.00 | OK | |
r-patched-linux-x86_64 | 1.5.0 | 6.16 | 34.46 | 40.62 | OK | |
r-release-linux-x86_64 | 1.5.0 | 5.27 | 34.00 | 39.27 | OK | |
r-release-macos-arm64 | 1.5.0 | 27.00 | OK | |||
r-release-macos-x86_64 | 1.5.0 | 34.00 | OK | |||
r-release-windows-x86_64 | 1.5.0 | 10.00 | 74.00 | 84.00 | OK | |
r-oldrel-macos-arm64 | 1.5.0 | 28.00 | OK | |||
r-oldrel-macos-x86_64 | 1.5.0 | 41.00 | NOTE | |||
r-oldrel-windows-x86_64 | 1.5.0 | 10.00 | 70.00 | 80.00 | OK |
Version: 1.5.0
Check: package dependencies
Result: NOTE
Package suggested but not available for checking: ‘tweedie’
Flavor: r-oldrel-macos-x86_64
Version: 1.5.0
Check: Rd cross-references
Result: NOTE
Package unavailable to check Rd xrefs: ‘tweedie’
Flavor: r-oldrel-macos-x86_64