Last updated on 2025-02-16 09:50:53 CET.
Flavor | Version | Tinstall | Tcheck | Ttotal | Status | Flags |
---|---|---|---|---|---|---|
r-devel-linux-x86_64-debian-clang | 0.7.1 | 2.71 | 39.94 | 42.65 | NOTE | --no-vignettes |
r-devel-linux-x86_64-debian-gcc | 0.7.1 | 1.98 | 29.24 | 31.22 | NOTE | --no-vignettes |
r-devel-linux-x86_64-fedora-clang | 0.7.1 | 1863.16 | OK | |||
r-devel-linux-x86_64-fedora-gcc | 0.7.1 | 1703.88 | OK | |||
r-devel-macos-arm64 | 0.7.1 | 284.00 | OK | |||
r-devel-macos-x86_64 | 0.7.1 | 755.00 | OK | |||
r-devel-windows-x86_64 | 0.7.1 | 4.00 | 847.00 | 851.00 | NOTE | |
r-patched-linux-x86_64 | 0.7.1 | 4.16 | 37.63 | 41.79 | NOTE | --no-vignettes |
r-release-linux-x86_64 | 0.7.1 | 2.58 | 37.51 | 40.09 | NOTE | --no-vignettes |
r-release-macos-arm64 | 0.7.1 | 277.00 | NOTE | |||
r-release-macos-x86_64 | 0.7.1 | 635.00 | NOTE | |||
r-release-windows-x86_64 | 0.7.1 | 5.00 | 830.00 | 835.00 | NOTE | |
r-oldrel-macos-arm64 | 0.7.1 | 314.00 | NOTE | |||
r-oldrel-macos-x86_64 | 0.7.1 | 714.00 | NOTE | |||
r-oldrel-windows-x86_64 | 0.7.1 | 4.00 | 946.00 | 950.00 | NOTE |
Version: 0.7.1
Flags: --no-vignettes
Check: Rd cross-references
Result: NOTE
Found the following Rd file(s) with Rd \link{} targets missing package
anchors:
staple.Rd: readNifti
Please provide package anchors for all Rd \link{} targets not in the
package itself and the base packages.
Flavors: r-devel-linux-x86_64-debian-clang, r-devel-linux-x86_64-debian-gcc
Version: 0.7.1
Check: Rd cross-references
Result: NOTE
Found the following Rd file(s) with Rd \link{} targets missing package
anchors:
staple.Rd: readNifti
Please provide package anchors for all Rd \link{} targets not in the
package itself and the base packages.
Flavor: r-devel-windows-x86_64
Version: 0.7.1
Flags: --no-vignettes
Check: LazyData
Result: NOTE
'LazyData' is specified without a 'data' directory
Flavors: r-patched-linux-x86_64, r-release-linux-x86_64
Version: 0.7.1
Check: LazyData
Result: NOTE
'LazyData' is specified without a 'data' directory
Flavors: r-release-macos-arm64, r-release-macos-x86_64, r-release-windows-x86_64, r-oldrel-macos-arm64, r-oldrel-macos-x86_64, r-oldrel-windows-x86_64