CRAN Package Check Results for Package ssfit

Last updated on 2025-07-13 09:49:55 CEST.

Flavor Version Tinstall Tcheck Ttotal Status Flags
r-devel-linux-x86_64-debian-clang 1.2 7.17 61.29 68.46 NOTE
r-devel-linux-x86_64-debian-gcc 1.2 5.02 45.84 50.86 NOTE
r-devel-linux-x86_64-fedora-clang 1.2 99.16 OK
r-devel-linux-x86_64-fedora-gcc 1.2 96.92 OK
r-devel-windows-x86_64 1.2 8.00 68.00 76.00 OK
r-patched-linux-x86_64 1.2 7.29 59.75 67.04 OK
r-release-linux-x86_64 1.2 6.42 57.94 64.36 OK
r-release-macos-arm64 1.2 37.00 OK
r-release-macos-x86_64 1.2 63.00 OK
r-release-windows-x86_64 1.2 8.00 72.00 80.00 OK
r-oldrel-macos-arm64 1.2 32.00 OK
r-oldrel-macos-x86_64 1.2 47.00 OK
r-oldrel-windows-x86_64 1.2 10.00 86.00 96.00 OK

Check Details

Version: 1.2
Check: CRAN incoming feasibility
Result: NOTE Maintainer: ‘Christiana Kartsonaki <christiana.kartsonaki@gmail.com>’ No Authors@R field in DESCRIPTION. Please add one, modifying Authors@R: person(given = "Christiana", family = "Kartsonaki", role = c("aut", "cre"), email = "christiana.kartsonaki@gmail.com") as necessary. Flavors: r-devel-linux-x86_64-debian-clang, r-devel-linux-x86_64-debian-gcc