Last updated on 2025-04-15 09:52:34 CEST.
Flavor | Version | Tinstall | Tcheck | Ttotal | Status | Flags |
---|---|---|---|---|---|---|
r-devel-linux-x86_64-debian-clang | 2.3.0 | 95.99 | 346.64 | 442.63 | OK | |
r-devel-linux-x86_64-debian-gcc | 2.3.0 | 79.51 | 259.49 | 339.00 | OK | |
r-devel-linux-x86_64-fedora-clang | 2.3.0 | 668.18 | OK | |||
r-devel-linux-x86_64-fedora-gcc | 2.3.0 | 773.07 | OK | |||
r-devel-windows-x86_64 | 2.3.0 | 100.00 | 377.00 | 477.00 | OK | |
r-patched-linux-x86_64 | 2.3.0 | 111.15 | 324.10 | 435.25 | OK | |
r-release-linux-x86_64 | 2.3.0 | 116.08 | 328.88 | 444.96 | OK | |
r-release-macos-arm64 | 2.3.0 | 226.00 | OK | |||
r-release-macos-x86_64 | 2.3.0 | 312.00 | OK | |||
r-release-windows-x86_64 | 2.3.0 | 102.00 | 379.00 | 481.00 | OK | |
r-oldrel-macos-arm64 | 2.3.0 | 213.00 | NOTE | |||
r-oldrel-macos-x86_64 | 2.3.0 | 392.00 | NOTE | |||
r-oldrel-windows-x86_64 | 2.3.0 | 124.00 | 525.00 | 649.00 | NOTE |
Version: 2.3.0
Check: installed package size
Result: NOTE
installed size is 41.4Mb
sub-directories of 1Mb or more:
libs 40.2Mb
Flavors: r-oldrel-macos-arm64, r-oldrel-macos-x86_64, r-oldrel-windows-x86_64