Last updated on 2025-02-16 09:50:53 CET.
Flavor | Version | Tinstall | Tcheck | Ttotal | Status | Flags |
---|---|---|---|---|---|---|
r-devel-linux-x86_64-debian-clang | 0.1.0 | 4.71 | 59.75 | 64.46 | OK | |
r-devel-linux-x86_64-debian-gcc | 0.1.0 | 4.00 | 45.38 | 49.38 | OK | |
r-devel-linux-x86_64-fedora-clang | 0.1.0 | 102.23 | OK | |||
r-devel-linux-x86_64-fedora-gcc | 0.1.0 | 96.91 | OK | |||
r-devel-macos-arm64 | 0.1.0 | 32.00 | OK | |||
r-devel-macos-x86_64 | 0.1.0 | 73.00 | OK | |||
r-devel-windows-x86_64 | 0.1.0 | 6.00 | 102.00 | 108.00 | OK | |
r-patched-linux-x86_64 | 0.1.0 | 4.99 | 56.88 | 61.87 | NOTE | |
r-release-linux-x86_64 | 0.1.0 | 4.93 | 56.31 | 61.24 | NOTE | |
r-release-macos-arm64 | 0.1.0 | 31.00 | NOTE | |||
r-release-macos-x86_64 | 0.1.0 | 46.00 | NOTE | |||
r-release-windows-x86_64 | 0.1.0 | 6.00 | 101.00 | 107.00 | NOTE | |
r-oldrel-macos-arm64 | 0.1.0 | 35.00 | NOTE | |||
r-oldrel-macos-x86_64 | 0.1.0 | 52.00 | NOTE | |||
r-oldrel-windows-x86_64 | 0.1.0 | 8.00 | 124.00 | 132.00 | NOTE |
Version: 0.1.0
Check: LazyData
Result: NOTE
'LazyData' is specified without a 'data' directory
Flavors: r-patched-linux-x86_64, r-release-linux-x86_64, r-release-macos-arm64, r-release-macos-x86_64, r-release-windows-x86_64, r-oldrel-macos-arm64, r-oldrel-macos-x86_64, r-oldrel-windows-x86_64