Last updated on 2025-02-18 09:50:52 CET.
Flavor | Version | Tinstall | Tcheck | Ttotal | Status | Flags |
---|---|---|---|---|---|---|
r-devel-linux-x86_64-debian-clang | 0.1.0 | 1.42 | 20.70 | 22.12 | OK | |
r-devel-linux-x86_64-debian-gcc | 0.1.0 | 1.43 | 16.84 | 18.27 | OK | |
r-devel-linux-x86_64-fedora-clang | 0.1.0 | 36.63 | NOTE | |||
r-devel-linux-x86_64-fedora-gcc | 0.1.0 | 33.27 | NOTE | |||
r-devel-macos-arm64 | 0.1.0 | 18.00 | OK | |||
r-devel-macos-x86_64 | 0.1.0 | 26.00 | OK | |||
r-devel-windows-x86_64 | 0.1.0 | 3.00 | 58.00 | 61.00 | OK | |
r-patched-linux-x86_64 | 0.1.0 | 1.54 | 19.37 | 20.91 | OK | |
r-release-linux-x86_64 | 0.1.0 | 1.56 | 19.35 | 20.91 | OK | |
r-release-macos-arm64 | 0.1.0 | 16.00 | OK | |||
r-release-macos-x86_64 | 0.1.0 | 25.00 | OK | |||
r-release-windows-x86_64 | 0.1.0 | 2.00 | 42.00 | 44.00 | OK | |
r-oldrel-macos-arm64 | 0.1.0 | 19.00 | OK | |||
r-oldrel-macos-x86_64 | 0.1.0 | 24.00 | OK | |||
r-oldrel-windows-x86_64 | 0.1.0 | 3.00 | 71.00 | 74.00 | OK |
Version: 0.1.0
Check: dependencies in R code
Result: NOTE
Namespaces in Imports field not imported from:
‘DBI’ ‘RSQLite’ ‘dbplyr’ ‘dplyr’
All declared Imports should be used.
Flavors: r-devel-linux-x86_64-fedora-clang, r-devel-linux-x86_64-fedora-gcc