Last updated on 2025-02-06 09:52:43 CET.
Flavor | Version | Tinstall | Tcheck | Ttotal | Status | Flags |
---|---|---|---|---|---|---|
r-devel-linux-x86_64-debian-clang | 5.5.1 | 31.43 | 345.66 | 377.09 | OK | |
r-devel-linux-x86_64-debian-gcc | 5.5.1 | 19.58 | 234.54 | 254.12 | OK | |
r-devel-linux-x86_64-fedora-clang | 5.5.1 | 611.20 | OK | |||
r-devel-linux-x86_64-fedora-gcc | 5.5.1 | 604.94 | OK | |||
r-devel-windows-x86_64 | 5.5.1 | 32.00 | 284.00 | 316.00 | OK | |
r-patched-linux-x86_64 | 5.5.1 | 30.73 | 328.45 | 359.18 | OK | |
r-release-linux-x86_64 | 5.5.1 | 30.37 | 321.95 | 352.32 | OK | |
r-release-macos-arm64 | 5.5.1 | 136.00 | NOTE | |||
r-release-macos-x86_64 | 5.5.1 | 230.00 | NOTE | |||
r-release-windows-x86_64 | 5.5.1 | 32.00 | 285.00 | 317.00 | NOTE | |
r-oldrel-macos-arm64 | 5.5.1 | 139.00 | NOTE | |||
r-oldrel-macos-x86_64 | 5.5.1 | 370.00 | NOTE | |||
r-oldrel-windows-x86_64 | 5.5.1 | 39.00 | 376.00 | 415.00 | NOTE |
Version: 5.5.1
Check: installed package size
Result: NOTE
installed size is 7.1Mb
sub-directories of 1Mb or more:
doc 5.5Mb
Flavors: r-release-macos-arm64, r-release-macos-x86_64, r-release-windows-x86_64, r-oldrel-macos-arm64, r-oldrel-macos-x86_64, r-oldrel-windows-x86_64