Last updated on 2025-02-16 09:50:53 CET.
Flavor | Version | Tinstall | Tcheck | Ttotal | Status | Flags |
---|---|---|---|---|---|---|
r-devel-linux-x86_64-debian-clang | 0.1.4 | 34.28 | 106.70 | 140.98 | NOTE | |
r-devel-linux-x86_64-debian-gcc | 0.1.4 | 31.82 | 91.42 | 123.24 | NOTE | |
r-devel-linux-x86_64-fedora-clang | 0.1.4 | 133.71 | NOTE | |||
r-devel-linux-x86_64-fedora-gcc | 0.1.4 | 152.72 | NOTE | |||
r-devel-macos-arm64 | 0.1.4 | 66.00 | OK | |||
r-devel-macos-x86_64 | 0.1.4 | 89.00 | OK | |||
r-devel-windows-x86_64 | 0.1.4 | 91.00 | 158.00 | 249.00 | OK | |
r-patched-linux-x86_64 | 0.1.4 | 37.64 | 114.67 | 152.31 | OK | |
r-release-linux-x86_64 | 0.1.4 | 38.68 | 115.84 | 154.52 | OK | |
r-release-macos-arm64 | 0.1.4 | 120.00 | OK | |||
r-release-macos-x86_64 | 0.1.4 | 204.00 | OK | |||
r-release-windows-x86_64 | 0.1.4 | 94.00 | 160.00 | 254.00 | OK | |
r-oldrel-macos-arm64 | 0.1.4 | 60.00 | NOTE | |||
r-oldrel-macos-x86_64 | 0.1.4 | 122.00 | NOTE | |||
r-oldrel-windows-x86_64 | 0.1.4 | 92.00 | 187.00 | 279.00 | OK |
Version: 0.1.4
Check: top-level files
Result: NOTE
possible bashism in configure.ac line 109 (should be 'b = a'):
AS_IF([test "x$enable_system_arpack" == "xno"], [
Flavors: r-devel-linux-x86_64-debian-clang, r-devel-linux-x86_64-debian-gcc, r-devel-linux-x86_64-fedora-clang, r-devel-linux-x86_64-fedora-gcc
Version: 0.1.4
Check: package dependencies
Result: NOTE
Package suggested but not available for checking: ‘scRNAseq’
Flavors: r-oldrel-macos-arm64, r-oldrel-macos-x86_64