Last updated on 2025-07-12 09:49:32 CEST.
Flavor | Version | Tinstall | Tcheck | Ttotal | Status | Flags |
---|---|---|---|---|---|---|
r-devel-linux-x86_64-debian-clang | 0.2.0.1 | 52.86 | 48.24 | 101.10 | OK | |
r-devel-linux-x86_64-debian-gcc | 0.2.0.1 | 39.46 | 37.09 | 76.55 | OK | |
r-devel-linux-x86_64-fedora-clang | 0.2.0.1 | 172.58 | NOTE | |||
r-devel-linux-x86_64-fedora-gcc | 0.2.0.1 | 170.68 | NOTE | |||
r-devel-windows-x86_64 | 0.2.0.1 | 55.00 | 92.00 | 147.00 | OK | |
r-patched-linux-x86_64 | 0.2.0.1 | 54.52 | 46.89 | 101.41 | OK | |
r-release-linux-x86_64 | 0.2.0.1 | 56.10 | 47.37 | 103.47 | OK | |
r-release-macos-arm64 | 0.2.0.1 | 46.00 | OK | |||
r-release-macos-x86_64 | 0.2.0.1 | 64.00 | OK | |||
r-release-windows-x86_64 | 0.2.0.1 | 60.00 | 94.00 | 154.00 | OK | |
r-oldrel-macos-arm64 | 0.2.0.1 | 46.00 | NOTE | |||
r-oldrel-macos-x86_64 | 0.2.0.1 | 60.00 | NOTE | |||
r-oldrel-windows-x86_64 | 0.2.0.1 | 73.00 | 102.00 | 175.00 | OK |
Version: 0.2.0.1
Check: compiled code
Result: NOTE
File ‘sparseLTSEigen/libs/sparseLTSEigen.so’:
Found no calls to: ‘R_registerRoutines’, ‘R_useDynamicSymbols’
It is good practice to register native routines and to disable symbol
search.
See ‘Writing portable packages’ in the ‘Writing R Extensions’ manual.
Flavors: r-devel-linux-x86_64-fedora-clang, r-devel-linux-x86_64-fedora-gcc
Version: 0.2.0.1
Check: installed package size
Result: NOTE
installed size is 13.7Mb
sub-directories of 1Mb or more:
libs 13.6Mb
Flavors: r-oldrel-macos-arm64, r-oldrel-macos-x86_64