CRAN Package Check Results for Package sorvi

Last updated on 2025-04-15 09:52:33 CEST.

Flavor Version Tinstall Tcheck Ttotal Status Flags
r-devel-linux-x86_64-debian-clang 0.8.21 8.60 86.83 95.43 NOTE
r-devel-linux-x86_64-debian-gcc 0.8.21 6.10 60.71 66.81 NOTE
r-devel-linux-x86_64-fedora-clang 0.8.21 153.12 NOTE
r-devel-linux-x86_64-fedora-gcc 0.8.21 159.28 NOTE
r-devel-windows-x86_64 0.8.21 9.00 92.00 101.00 NOTE
r-patched-linux-x86_64 0.8.21 6.52 82.82 89.34 NOTE
r-release-linux-x86_64 0.8.21 7.96 82.75 90.71 NOTE
r-release-macos-arm64 0.8.21 51.00 NOTE
r-release-macos-x86_64 0.8.21 97.00 NOTE
r-release-windows-x86_64 0.8.21 13.00 91.00 104.00 NOTE
r-oldrel-macos-arm64 0.8.21 45.00 NOTE
r-oldrel-macos-x86_64 0.8.21 69.00 NOTE
r-oldrel-windows-x86_64 0.8.21 14.00 110.00 124.00 NOTE

Check Details

Version: 0.8.21
Check: Rd files
Result: NOTE checkRd: (-1) load_sorvi_data.Rd:23: Lost braces in \itemize; meant \describe ? Flavors: r-devel-linux-x86_64-debian-clang, r-devel-linux-x86_64-debian-gcc, r-devel-linux-x86_64-fedora-clang, r-devel-linux-x86_64-fedora-gcc, r-devel-windows-x86_64, r-patched-linux-x86_64, r-release-linux-x86_64, r-release-macos-arm64, r-release-macos-x86_64, r-release-windows-x86_64, r-oldrel-macos-arm64, r-oldrel-macos-x86_64, r-oldrel-windows-x86_64