Last updated on 2025-04-15 09:52:33 CEST.
Flavor | Version | Tinstall | Tcheck | Ttotal | Status | Flags |
---|---|---|---|---|---|---|
r-devel-linux-x86_64-debian-clang | 1.1.3 | 3.27 | 25.31 | 28.58 | OK | |
r-devel-linux-x86_64-debian-gcc | 1.1.3 | 2.22 | 19.94 | 22.16 | OK | |
r-devel-linux-x86_64-fedora-clang | 1.1.3 | 45.40 | NOTE | |||
r-devel-linux-x86_64-fedora-gcc | 1.1.3 | 41.62 | NOTE | |||
r-devel-windows-x86_64 | 1.1.3 | 3.00 | 45.00 | 48.00 | OK | |
r-patched-linux-x86_64 | 1.1.3 | 3.13 | 24.44 | 27.57 | OK | |
r-release-linux-x86_64 | 1.1.3 | 2.72 | 24.15 | 26.87 | OK | |
r-release-macos-arm64 | 1.1.3 | 21.00 | OK | |||
r-release-macos-x86_64 | 1.1.3 | 30.00 | OK | |||
r-release-windows-x86_64 | 1.1.3 | 5.00 | 46.00 | 51.00 | OK | |
r-oldrel-macos-arm64 | 1.1.3 | 18.00 | OK | |||
r-oldrel-macos-x86_64 | 1.1.3 | 26.00 | OK | |||
r-oldrel-windows-x86_64 | 1.1.3 | 5.00 | 51.00 | 56.00 | OK |
Version: 1.1.3
Check: dependencies in R code
Result: NOTE
Namespaces in Imports field not imported from:
‘R6’ ‘lgr’
All declared Imports should be used.
Flavors: r-devel-linux-x86_64-fedora-clang, r-devel-linux-x86_64-fedora-gcc