Last updated on 2025-02-18 09:50:51 CET.
Flavor | Version | Tinstall | Tcheck | Ttotal | Status | Flags |
---|---|---|---|---|---|---|
r-devel-linux-x86_64-debian-clang | 1.84-6.3 | 2.53 | 28.32 | 30.85 | OK | |
r-devel-linux-x86_64-debian-gcc | 1.84-6.3 | 2.16 | 22.74 | 24.90 | OK | |
r-devel-linux-x86_64-fedora-clang | 1.84-6.3 | 50.73 | OK | |||
r-devel-linux-x86_64-fedora-gcc | 1.84-6.3 | 60.25 | OK | |||
r-devel-macos-arm64 | 1.84-6.3 | 26.00 | OK | |||
r-devel-macos-x86_64 | 1.84-6.3 | 76.00 | OK | |||
r-devel-windows-x86_64 | 1.84-6.3 | 5.00 | 72.00 | 77.00 | OK | |
r-patched-linux-x86_64 | 1.84-6.3 | 3.06 | 26.63 | 29.69 | OK | |
r-release-linux-x86_64 | 1.84-6.3 | 2.75 | 27.07 | 29.82 | OK | |
r-release-macos-arm64 | 1.84-6.3 | 36.00 | NOTE | |||
r-release-macos-x86_64 | 1.84-6.3 | 39.00 | NOTE | |||
r-release-windows-x86_64 | 1.84-6.3 | 4.00 | 64.00 | 68.00 | OK | |
r-oldrel-macos-arm64 | 1.84-6.3 | 51.00 | NOTE | |||
r-oldrel-macos-x86_64 | 1.84-6.3 | 100.00 | NOTE | |||
r-oldrel-windows-x86_64 | 1.84-6.3 | 5.00 | 61.00 | 66.00 | OK |
Version: 1.84-6.3
Check: package dependencies
Result: NOTE
Package suggested but not available for checking: ‘Rmpi’
Flavors: r-release-macos-arm64, r-release-macos-x86_64, r-oldrel-macos-arm64, r-oldrel-macos-x86_64