Last updated on 2025-05-08 09:54:14 CEST.
Flavor | Version | Tinstall | Tcheck | Ttotal | Status | Flags |
---|---|---|---|---|---|---|
r-devel-linux-x86_64-debian-clang | 3.4-8 | 5.13 | 35.32 | 40.45 | NOTE | |
r-devel-linux-x86_64-debian-gcc | 3.4-8 | 3.17 | 26.84 | 30.01 | NOTE | |
r-devel-linux-x86_64-fedora-clang | 3.4-8 | 63.09 | OK | |||
r-devel-linux-x86_64-fedora-gcc | 3.4-8 | 57.07 | OK | |||
r-devel-windows-x86_64 | 3.4-8 | 6.00 | 57.00 | 63.00 | OK | |
r-patched-linux-x86_64 | 3.4-8 | 5.25 | 32.29 | 37.54 | OK | |
r-release-linux-x86_64 | 3.4-8 | 3.82 | 32.33 | 36.15 | OK | |
r-release-macos-arm64 | 3.4-8 | 21.00 | OK | |||
r-release-macos-x86_64 | 3.4-8 | 35.00 | OK | |||
r-release-windows-x86_64 | 3.4-8 | 5.00 | 63.00 | 68.00 | OK | |
r-oldrel-macos-arm64 | 3.4-8 | 21.00 | OK | |||
r-oldrel-macos-x86_64 | 3.4-8 | 31.00 | OK | |||
r-oldrel-windows-x86_64 | 3.4-8 | 6.00 | 57.00 | 63.00 | OK |
Version: 3.4-8
Check: CRAN incoming feasibility
Result: NOTE
Maintainer: ‘Remko Duursma <remkoduursma@gmail.com>’
No Authors@R field in DESCRIPTION.
Please add one, modifying
Authors@R: c(person(given = "David",
family = "Warton",
role = "aut",
email = "David.Warton@unsw.edu.au"),
person(given = "Remko",
family = "Duursma",
role = c("aut", "cre"),
email = "remkoduursma@gmail.com"),
person(given = "Daniel",
family = "Falster",
role = "aut"),
person(given = "Sara",
family = "Taskinen.",
role = "aut"))
as necessary.
Package CITATION file contains call(s) to old-style personList() or
as.personList(). Please use c() on person objects instead.
Package CITATION file contains call(s) to old-style citEntry(). Please
use bibentry() instead.
Flavors: r-devel-linux-x86_64-debian-clang, r-devel-linux-x86_64-debian-gcc