Last updated on 2025-07-12 09:49:32 CEST.
Flavor | Version | Tinstall | Tcheck | Ttotal | Status | Flags |
---|---|---|---|---|---|---|
r-devel-linux-x86_64-debian-clang | 1.2.10 | 33.83 | 39.17 | 73.00 | OK | |
r-devel-linux-x86_64-debian-gcc | 1.2.10 | 25.60 | 29.00 | 54.60 | OK | |
r-devel-linux-x86_64-fedora-clang | 1.2.10 | 121.30 | OK | |||
r-devel-linux-x86_64-fedora-gcc | 1.2.10 | 120.32 | OK | |||
r-devel-windows-x86_64 | 1.2.10 | 38.00 | 90.00 | 128.00 | OK | |
r-patched-linux-x86_64 | 1.2.10 | 38.27 | 36.54 | 74.81 | OK | |
r-release-linux-x86_64 | 1.2.10 | 35.60 | 36.73 | 72.33 | OK | |
r-release-macos-arm64 | 1.2.10 | 38.00 | OK | |||
r-release-macos-x86_64 | 1.2.10 | 64.00 | OK | |||
r-release-windows-x86_64 | 1.2.10 | 38.00 | 85.00 | 123.00 | OK | |
r-oldrel-macos-arm64 | 1.2.10 | 50.00 | NOTE | |||
r-oldrel-macos-x86_64 | 1.2.10 | 94.00 | NOTE | |||
r-oldrel-windows-x86_64 | 1.2.10 | 45.00 | 100.00 | 145.00 | OK |
Version: 1.2.10
Check: installed package size
Result: NOTE
installed size is 5.1Mb
sub-directories of 1Mb or more:
libs 4.8Mb
Flavors: r-oldrel-macos-arm64, r-oldrel-macos-x86_64