Last updated on 2025-02-06 09:52:43 CET.
Flavor | Version | Tinstall | Tcheck | Ttotal | Status | Flags |
---|---|---|---|---|---|---|
r-devel-linux-x86_64-debian-clang | 0.1.1 | 8.58 | 74.05 | 82.63 | NOTE | |
r-devel-linux-x86_64-debian-gcc | 0.1.1 | 5.38 | 51.02 | 56.40 | NOTE | |
r-devel-linux-x86_64-fedora-clang | 0.1.1 | 136.05 | NOTE | |||
r-devel-linux-x86_64-fedora-gcc | 0.1.1 | 124.50 | NOTE | |||
r-devel-windows-x86_64 | 0.1.1 | 11.00 | 89.00 | 100.00 | NOTE | |
r-patched-linux-x86_64 | 0.1.1 | 9.01 | 67.46 | 76.47 | NOTE | |
r-release-linux-x86_64 | 0.1.1 | 8.39 | 67.97 | 76.36 | NOTE | |
r-release-macos-arm64 | 0.1.1 | 36.00 | NOTE | |||
r-release-macos-x86_64 | 0.1.1 | 55.00 | NOTE | |||
r-release-windows-x86_64 | 0.1.1 | 10.00 | 89.00 | 99.00 | NOTE | |
r-oldrel-macos-arm64 | 0.1.1 | 35.00 | OK | |||
r-oldrel-macos-x86_64 | 0.1.1 | 61.00 | OK | |||
r-oldrel-windows-x86_64 | 0.1.1 | 12.00 | 105.00 | 117.00 | OK |
Version: 0.1.1
Check: Rd files
Result: NOTE
checkRd: (-1) sim_Y_Binary_X.Rd:51: Lost braces
51 | \item \code{dist = "binomial"} is drawn from eqn{Bin(XB, XB(1-XB))}
| ^
Flavors: r-devel-linux-x86_64-debian-clang, r-devel-linux-x86_64-debian-gcc, r-devel-linux-x86_64-fedora-clang, r-devel-linux-x86_64-fedora-gcc, r-devel-windows-x86_64, r-patched-linux-x86_64, r-release-linux-x86_64, r-release-macos-arm64, r-release-macos-x86_64, r-release-windows-x86_64