CRAN Package Check Results for Package shinybrms

Last updated on 2025-04-15 09:52:32 CEST.

Flavor Version Tinstall Tcheck Ttotal Status Flags
r-devel-linux-x86_64-debian-clang 1.8.0 2.08 25.52 27.60 OK
r-devel-linux-x86_64-debian-gcc 1.8.0 1.68 19.62 21.30 OK
r-devel-linux-x86_64-fedora-clang 1.8.0 45.82 OK
r-devel-linux-x86_64-fedora-gcc 1.8.0 46.36 OK
r-devel-windows-x86_64 1.8.0 6.00 45.00 51.00 OK
r-patched-linux-x86_64 1.8.0 1.82 24.50 26.32 OK
r-release-linux-x86_64 1.8.0 2.01 24.34 26.35 OK
r-release-macos-arm64 1.8.0 21.00 OK
r-release-macos-x86_64 1.8.0 35.00 OK
r-release-windows-x86_64 1.8.0 4.00 44.00 48.00 OK
r-oldrel-macos-arm64 1.8.0 19.00 NOTE
r-oldrel-macos-x86_64 1.8.0 28.00 NOTE
r-oldrel-windows-x86_64 1.8.0 5.00 50.00 55.00 NOTE

Check Details

Version: 1.8.0
Check: package dependencies
Result: NOTE Package suggested but not available for checking: ‘cmdstanr’ Flavors: r-oldrel-macos-arm64, r-oldrel-macos-x86_64, r-oldrel-windows-x86_64