Last updated on 2025-02-24 09:51:01 CET.
Flavor | Version | Tinstall | Tcheck | Ttotal | Status | Flags |
---|---|---|---|---|---|---|
r-devel-linux-x86_64-debian-clang | 0.2.1 | 38.25 | 34.16 | 72.41 | OK | |
r-devel-linux-x86_64-debian-gcc | 0.2.1 | 29.95 | 25.24 | 55.19 | OK | |
r-devel-linux-x86_64-fedora-clang | 0.2.1 | 138.73 | WARN | |||
r-devel-linux-x86_64-fedora-gcc | 0.2.1 | 126.08 | OK | |||
r-devel-macos-arm64 | 0.2.1 | 35.00 | OK | |||
r-devel-macos-x86_64 | 0.2.1 | 54.00 | OK | |||
r-devel-windows-x86_64 | 0.2.1 | 45.00 | 75.00 | 120.00 | OK | |
r-patched-linux-x86_64 | 0.2.1 | 35.59 | 32.66 | 68.25 | OK | |
r-release-linux-x86_64 | 0.2.1 | 37.74 | 32.23 | 69.97 | OK | |
r-release-macos-arm64 | 0.2.1 | 37.00 | OK | |||
r-release-macos-x86_64 | 0.2.1 | 69.00 | OK | |||
r-release-windows-x86_64 | 0.2.1 | 47.00 | 73.00 | 120.00 | OK | |
r-oldrel-macos-arm64 | 0.2.1 | 39.00 | OK | |||
r-oldrel-macos-x86_64 | 0.2.1 | 52.00 | OK | |||
r-oldrel-windows-x86_64 | 0.2.1 | 56.00 | 86.00 | 142.00 | OK |
Version: 0.2.1
Check: whether package can be installed
Result: WARN
Found the following significant warnings:
/data/gannet/ripley/R/test-clang/tzdb/include/date/date.h:966:34: warning: identifier '_d' preceded by whitespace in a literal operator declaration is deprecated [-Wdeprecated-literal-operator]
/data/gannet/ripley/R/test-clang/tzdb/include/date/date.h:967:34: warning: identifier '_y' preceded by whitespace in a literal operator declaration is deprecated [-Wdeprecated-literal-operator]
/data/gannet/ripley/R/test-clang/tzdb/include/date/date.h:1975:13: warning: identifier '_d' preceded by whitespace in a literal operator declaration is deprecated [-Wdeprecated-literal-operator]
/data/gannet/ripley/R/test-clang/tzdb/include/date/date.h:1983:13: warning: identifier '_y' preceded by whitespace in a literal operator declaration is deprecated [-Wdeprecated-literal-operator]
/data/gannet/ripley/R/test-clang/cpp11/include/cpp11/R.hpp:52:31: warning: identifier '_xl' preceded by whitespace in a literal operator declaration is deprecated [-Wdeprecated-literal-operator]
/data/gannet/ripley/R/test-clang/cpp11/include/cpp11/named_arg.hpp:42:29: warning: identifier '_nm' preceded by whitespace in a literal operator declaration is deprecated [-Wdeprecated-literal-operator]
See ‘/data/gannet/ripley/R/packages/tests-clang/shide.Rcheck/00install.out’ for details.
* used C++ compiler: ‘clang version 20.1.0-rc2’
Flavor: r-devel-linux-x86_64-fedora-clang