CRAN Package Check Results for Package shazam

Last updated on 2025-07-12 09:49:31 CEST.

Flavor Version Tinstall Tcheck Ttotal Status Flags
r-devel-linux-x86_64-debian-clang 1.2.0 54.87 608.30 663.17 OK
r-devel-linux-x86_64-debian-gcc 1.2.0 37.07 431.60 468.67 OK
r-devel-linux-x86_64-fedora-clang 1.2.0 1046.70 OK
r-devel-linux-x86_64-fedora-gcc 1.2.0 1005.78 OK
r-devel-windows-x86_64 1.2.0 51.00 640.00 691.00 OK
r-patched-linux-x86_64 1.2.0 52.32 590.36 642.68 OK
r-release-linux-x86_64 1.2.0 51.36 586.54 637.90 OK
r-release-macos-arm64 1.2.0 274.00 OK
r-release-macos-x86_64 1.2.0 550.00 OK
r-release-windows-x86_64 1.2.0 52.00 0.00 52.00 FAIL
r-oldrel-macos-arm64 1.2.0 279.00 OK
r-oldrel-macos-x86_64 1.2.0 429.00 OK
r-oldrel-windows-x86_64 1.2.0 69.00 798.00 867.00 OK

Check Details

Version: 1.2.0
Check: re-building of vignette outputs
Result: FAIL Check process probably crashed or hung up for 20 minutes ... killed Most likely this happened in the example checks (?), if not, ignore the following last lines of example output: > > ### Name: writeTargetingDistance > ### Title: Write targeting model distances to a file > ### Aliases: writeTargetingDistance > > ### ** Examples > > ## Not run: > ##D # Write HS5F targeting model to working directory as hs5f.tab > ##D writeTargetingDistance(HH_S5F, "hh_s5f.tsv") > ## End(Not run) > > > > > ### * <FOOTER> > ### > cleanEx() > options(digits = 7L) > base::cat("Time elapsed: ", proc.time() - base::get("ptime", pos = 'CheckExEnv'),"\n") Time elapsed: 57.64 1.44 59.19 NA NA > grDevices::dev.off() null device 1 > ### > ### Local variables: *** > ### mode: outline-minor *** > ### outline-regexp: "\\(> \\)?### [*]+" *** > ### End: *** > quit('no') ======== End of example output (where/before crash/hang up occured ?) ======== Flavor: r-release-windows-x86_64