Last updated on 2025-02-16 09:50:52 CET.
Flavor | Version | Tinstall | Tcheck | Ttotal | Status | Flags |
---|---|---|---|---|---|---|
r-devel-linux-x86_64-debian-clang | 1.0.2 | 89.34 | 614.89 | 704.23 | OK | |
r-devel-linux-x86_64-debian-gcc | 1.0.2 | 58.21 | 479.40 | 537.61 | OK | |
r-devel-linux-x86_64-fedora-clang | 1.0.2 | 1214.59 | OK | |||
r-devel-linux-x86_64-fedora-gcc | 1.0.2 | 830.46 | OK | |||
r-devel-macos-arm64 | 1.0.2 | 244.00 | OK | |||
r-devel-macos-x86_64 | 1.0.2 | 627.00 | OK | |||
r-devel-windows-x86_64 | 1.0.2 | 87.00 | 575.00 | 662.00 | OK | |
r-patched-linux-x86_64 | 1.0.2 | 87.10 | 578.58 | 665.68 | OK | |
r-release-linux-x86_64 | 1.0.2 | 79.63 | 580.34 | 659.97 | OK | |
r-release-macos-arm64 | 1.0.2 | 275.00 | NOTE | |||
r-release-macos-x86_64 | 1.0.2 | 717.00 | NOTE | |||
r-release-windows-x86_64 | 1.0.2 | 87.00 | 567.00 | 654.00 | NOTE | |
r-oldrel-macos-arm64 | 1.0.1 | 276.00 | NOTE | |||
r-oldrel-macos-x86_64 | 1.0.2 | 686.00 | NOTE | |||
r-oldrel-windows-x86_64 | 1.0.2 | 106.00 | 764.00 | 870.00 | NOTE |
Version: 1.0.2
Check: installed package size
Result: NOTE
installed size is 9.5Mb
sub-directories of 1Mb or more:
doc 4.2Mb
libs 4.1Mb
Flavors: r-release-macos-arm64, r-release-macos-x86_64, r-release-windows-x86_64, r-oldrel-macos-x86_64, r-oldrel-windows-x86_64
Version: 1.0.1
Check: installed package size
Result: NOTE
installed size is 9.5Mb
sub-directories of 1Mb or more:
doc 4.2Mb
libs 4.1Mb
Flavor: r-oldrel-macos-arm64