CRAN Package Check Results for Package serofoi

Last updated on 2025-04-15 09:52:32 CEST.

Flavor Version Tinstall Tcheck Ttotal Status Flags
r-devel-linux-x86_64-debian-clang 1.0.3 724.05 184.57 908.62 OK
r-devel-linux-x86_64-debian-gcc 1.0.3 745.98 187.72 933.70 OK
r-devel-linux-x86_64-fedora-clang 1.0.3 1498.63 OK
r-devel-linux-x86_64-fedora-gcc 1.0.3 1926.12 OK
r-devel-windows-x86_64 1.0.3 826.00 278.00 1104.00 OK
r-patched-linux-x86_64 1.0.3 930.29 257.90 1188.19 OK
r-release-linux-x86_64 1.0.3 921.75 255.67 1177.42 OK
r-release-macos-arm64 1.0.3 503.00 OK
r-release-macos-x86_64 1.0.3 346.00 OK
r-release-windows-x86_64 1.0.3 837.00 279.00 1116.00 OK
r-oldrel-macos-arm64 1.0.3 289.00 NOTE
r-oldrel-macos-x86_64 1.0.3 351.00 NOTE
r-oldrel-windows-x86_64 1.0.3 983.00 353.00 1336.00 NOTE

Check Details

Version: 1.0.3
Check: installed package size
Result: NOTE installed size is 107.7Mb sub-directories of 1Mb or more: libs 106.4Mb Flavors: r-oldrel-macos-arm64, r-oldrel-macos-x86_64, r-oldrel-windows-x86_64

Version: 1.0.3
Check: for GNU extensions in Makefiles
Result: NOTE GNU make is a SystemRequirements. Flavors: r-oldrel-macos-arm64, r-oldrel-macos-x86_64, r-oldrel-windows-x86_64